 factors of 3429?
3, 127
What are the prime factors of 78?
2, 3, 13
List the prime factors of 4470.
2, 3, 5, 149
What are the prime factors of 70549?
70549
What are the prime factors of 6365?
5, 19, 67
List the prime factors of 47564.
2, 11, 23, 47
List the prime factors of 177.
3, 59
List the prime factors of 192.
2, 3
What are the prime factors of 1163?
1163
What are the prime factors of 1839?
3, 613
List the prime factors of 10105.
5, 43, 47
What are the prime factors of 1052?
2, 263
What are the prime factors of 3409?
7, 487
List the prime factors of 2948.
2, 11, 67
What are the prime factors of 3532?
2, 883
What are the prime factors of 23143?
23143
List the prime factors of 12391.
12391
List the prime factors of 31664.
2, 1979
List the prime factors of 13902.
2, 3, 7, 331
What are the prime factors of 37170?
2, 3, 5, 7, 59
What are the prime factors of 2035?
5, 11, 37
What are the prime factors of 47203?
13, 3631
List the prime factors of 6224.
2, 389
What are the prime factors of 707?
7, 101
What are the prime factors of 163279?
67, 2437
List the prime factors of 39966.
2, 3, 6661
What are the prime factors of 338?
2, 13
List the prime factors of 743.
743
List the prime factors of 1193.
1193
List the prime factors of 880.
2, 5, 11
What are the prime factors of 6077?
59, 103
What are the prime factors of 85?
5, 17
What are the prime factors of 2518?
2, 1259
What are the prime factors of 39546?
2, 3, 13
List the prime factors of 142.
2, 71
What are the prime factors of 15471?
3, 191
List the prime factors of 3.
3
What are the prime factors of 1534?
2, 13, 59
What are the prime factors of 8049?
3, 2683
What are the prime factors of 2688?
2, 3, 7
What are the prime factors of 1256?
2, 157
List the prime factors of 1450.
2, 5, 29
What are the prime factors of 64422?
2, 3, 1193
List the prime factors of 703.
19, 37
List the prime factors of 77410.
2, 5, 7741
What are the prime factors of 764?
2, 191
What are the prime factors of 917?
7, 131
What are the prime factors of 202?
2, 101
What are the prime factors of 69?
3, 23
What are the prime factors of 254?
2, 127
What are the prime factors of 8536?
2, 11, 97
List the prime factors of 583.
11, 53
What are the prime factors of 2397?
3, 17, 47
List the prime factors of 94477.
94477
What are the prime factors of 18798?
2, 3, 13, 241
What are the prime factors of 35268?
2, 3, 2939
What are the prime factors of 202?
2, 101
What are the prime factors of 1683?
3, 11, 17
List the prime factors of 16192.
2, 11, 23
What are the prime factors of 15319?
15319
List the prime factors of 1286.
2, 643
List the prime factors of 35163.
3, 3907
List the prime factors of 1210.
2, 5, 11
What are the prime factors of 79954?
2, 7, 5711
List the prime factors of 26694.
2, 3, 1483
What are the prime factors of 3773?
7, 11
What are the prime factors of 2278?
2, 17, 67
What are the prime factors of 8280?
2, 3, 5, 23
List the prime factors of 38.
2, 19
What are the prime factors of 9253?
19, 487
What are the prime factors of 19214?
2, 13, 739
List the prime factors of 73815.
3, 5, 7, 19, 37
List the prime factors of 765.
3, 5, 17
List the prime factors of 13343.
11, 1213
What are the prime factors of 42683?
42683
List the prime factors of 15148.
2, 7, 541
What are the prime factors of 65607?
3, 19, 1151
What are the prime factors of 36778?
2, 7, 37, 71
List the prime factors of 2106.
2, 3, 13
List the prime factors of 40009.
40009
List the prime factors of 9087.
3, 13, 233
What are the prime factors of 4695?
3, 5, 313
List the prime factors of 644.
2, 7, 23
List the prime factors of 13926.
2, 3, 11, 211
What are the prime factors of 14337?
3, 59
What are the prime factors of 41683?
73, 571
List the prime factors of 650.
2, 5, 13
What are the prime factors of 919?
919
What are the prime factors of 2572?
2, 643
List the prime factors of 4655.
5, 7, 19
What are the prime factors of 4601?
43, 107
What are the prime factors of 13454?
2, 7, 31
What are the prime factors of 35610?
2, 3, 5, 1187
What are the prime factors of 1457?
31, 47
What are the prime factors of 147525?
3, 5, 7, 281
List the prime factors of 3905.
5, 11, 71
List the prime factors of 22592.
2, 353
List the prime factors of 13015.
5, 19, 137
List the prime factors of 29740.
2, 5, 1487
List the prime factors of 7411.
7411
List the prime factors of 17562.
2, 3, 2927
List the prime factors of 2272.
2, 71
What are the prime factors of 1290?
2, 3, 5, 43
List the prime factors of 26687.
26687
What are the prime factors of 15757?
7, 2251
What are the prime factors of 35818?
2, 17909
List the prime factors of 645.
3, 5, 43
What are the prime factors of 407?
11, 37
List the prime factors of 894.
2, 3, 149
What are the prime factors of 39989?
39989
List the prime factors of 38707.
38707
List the prime factors of 100009.
7, 13, 157
List the prime factors of 6773.
13, 521
List the prime factors of 12678.
2, 3, 2113
What are the prime factors of 2088?
2, 3, 29
List the prime factors of 67.
67
What are the prime factors of 3625?
5, 29
What are the prime factors of 911?
911
What are the prime factors of 19986?
2, 3, 3331
What are the prime factors of 24662?
2, 11, 19, 59
List the prime factors of 22674.
2, 3, 3779
List the prime factors of 14329.
7, 23, 89
List the prime factors of 19495.
5, 7, 557
What are the prime factors of 215?
5, 43
List the prime factors of 8633.
89, 97
List the prime factors of 263.
263
List the prime factors of 973.
7, 139
What are the prime factors of 4282?
2, 2141
List the prime factors of 1984.
2, 31
List the prime factors of 20437.
107, 191
List the prime factors of 57708.
2, 3, 7, 229
List the prime factors of 16563.
3, 5521
What are the prime factors of 3515?
5, 19, 37
What are the prime factors of 8625?
3, 5, 23
What are the prime factors of 2269?
2269
List the prime factors of 3543.
3, 1181
What are the prime factors of 3811?
37, 103
What are the prime factors of 3573?
3, 397
What are the prime factors of 1568?
2, 7
List the prime factors of 31502.
2, 19, 829
List the prime factors of 1789.
1789
What are the prime factors of 7962?
2, 3, 1327
List the prime factors of 14312.
2, 1789
List the prime factors of 117516.
2, 3, 7, 1399
What are the prime factors of 4425?
3, 5, 59
List the prime factors of 33936.
2, 3, 7, 101
List the prime factors of 54578.
2, 29, 941
List the prime factors of 148110.
2, 3, 5, 4937
What are the prime factors of 51429?
3, 7, 31, 79
What are the prime factors of 20545?
5, 7, 587
What are the prime factors of 384?
2, 3
List the prime factors of 604.
2, 151
What are the prime factors of 3427?
23, 149
List the prime factors of 567.
3, 7
List the prime factors of 343.
7
What are the prime factors of 5045?
5, 1009
What are the prime factors of 605?
5, 11
What are the prime factors of 151?
151
What are the prime factors of 14034?
2, 3, 2339
What are the prime factors of 8268?
2, 3, 13, 53
What are the prime factors of 15370?
2, 5, 29, 53
List the prime factors of 1281.
3, 7, 61
What are the prime factors of 32597?
37, 881
What are the prime factors of 633?
3, 211
List the prime factors of 7943.
13, 47
What are the prime factors of 17430?
2, 3, 5, 7, 83
List the prime factors of 469.
7, 67
What are the prime factors of 232?
2, 29
What are the prime factors of 4272?
2, 3, 89
List the prime factors of 446.
2, 223
List the prime factors of 1671.
3, 557
What are the prime factors of 7981?
23, 347
What are the prime factors of 19508?
2, 4877
What are the prime factors of 1580?
2, 5, 79
What are the prime factors of 25229?
25229
What are the prime factors of 78913?
23, 47, 73
List the prime factors of 21.
3, 7
List the prime factors of 23476.
2, 5869
List the prime factors of 12536.
2, 1567
List the prime factors of 1607.
1607
What are the prime factors of 575?
5, 23
What are the prime factors of 6559?
7, 937
List the prime factors of 3071.
37, 83
List the prime factors of 23871.
3, 73, 109
List the prime factors of 26057.
71, 367
List the prime factors of 3158.
2, 1579
List the prime factors of 69954.
2, 3, 89, 131
What are the prime factors of 7028?
2, 7, 251
List the prime factors of 1383.
3, 461
What are the prime factors of 13835?
5, 2767
List the prime factors of 125079.
3, 173, 241
List the prime factors of 32362.
2, 